 is divided by 53?
37
Calculate the remainder when 502 is divided by 59.
30
Calculate the remainder when 226 is divided by 18.
10
Calculate the remainder when 115 is divided by 30.
25
What is the remainder when 53 is divided by 11?
9
Calculate the remainder when 7966 is divided by 12.
10
What is the remainder when 337 is divided by 69?
61
What is the remainder when 10403 is divided by 22?
19
Calculate the remainder when 219 is divided by 48.
27
What is the remainder when 27 is divided by 9?
0
What is the remainder when 3298 is divided by 38?
30
What is the remainder when 803 is divided by 197?
15
Calculate the remainder when 400 is divided by 131.
7
Calculate the remainder when 929 is divided by 453.
23
What is the remainder when 1121 is divided by 11?
10
What is the remainder when 763 is divided by 48?
43
What is the remainder when 1430 is divided by 76?
62
What is the remainder when 84 is divided by 22?
18
Calculate the remainder when 62 is divided by 8.
6
What is the remainder when 424 is divided by 184?
56
Calculate the remainder when 1460 is divided by 291.
5
What is the remainder when 571 is divided by 16?
11
Calculate the remainder when 43 is divided by 3.
1
Calculate the remainder when 296 is divided by 27.
26
Calculate the remainder when 119 is divided by 115.
4
What is the remainder when 1417 is divided by 140?
17
Calculate the remainder when 512 is divided by 111.
68
What is the remainder when 783 is divided by 134?
113
Calculate the remainder when 2683 is divided by 885.
28
Calculate the remainder when 45 is divided by 15.
0
What is the remainder when 542 is divided by 38?
10
Calculate the remainder when 4274 is divided by 46.
42
What is the remainder when 1428 is divided by 65?
63
What is the remainder when 1195 is divided by 52?
51
Calculate the remainder when 246 is divided by 113.
20
Calculate the remainder when 270 is divided by 83.
21
What is the remainder when 1049 is divided by 14?
13
Calculate the remainder when 2052 is divided by 338.
24
What is the remainder when 949 is divided by 56?
53
Calculate the remainder when 475 is divided by 53.
51
Calculate the remainder when 73 is divided by 20.
13
Calculate the remainder when 331 is divided by 68.
59
What is the remainder when 350 is divided by 52?
38
Calculate the remainder when 594 is divided by 49.
6
What is the remainder when 171 is divided by 36?
27
What is the remainder when 21092 is divided by 79?
78
Calculate the remainder when 303 is divided by 65.
43
Calculate the remainder when 34 is divided by 25.
9
Calculate the remainder when 669 is divided by 86.
67
What is the remainder when 46 is divided by 6?
4
What is the remainder when 206 is divided by 52?
50
Calculate the remainder when 1244 is divided by 90.
74
What is the remainder when 192 is divided by 21?
3
What is the remainder when 12005 is divided by 414?
413
Calculate the remainder when 1484 is divided by 45.
44
What is the remainder when 408 is divided by 211?
197
Calculate the remainder when 50399 is divided by 288.
287
What is the remainder when 160 is divided by 42?
34
What is the remainder when 51 is divided by 26?
25
What is the remainder when 3463 is divided by 102?
97
What is the remainder when 78 is divided by 5?
3
Calculate the remainder when 178 is divided by 5.
3
What is the remainder when 1202 is divided by 134?
130
Calculate the remainder when 407 is divided by 104.
95
Calculate the remainder when 491 is divided by 84.
71
What is the remainder when 141 is divided by 59?
23
What is the remainder when 3093 is divided by 1027?
12
Calculate the remainder when 4127 is divided by 43.
42
Calculate the remainder when 23 is divided by 23.
0
Calculate the remainder when 2668 is divided by 178.
176
Calculate the remainder when 57 is divided by 42.
15
Calculate the remainder when 51 is divided by 44.
7
Calculate the remainder when 145 is divided by 4.
1
Calculate the remainder when 294 is divided by 31.
15
Calculate the remainder when 84 is divided by 23.
15
Calculate the remainder when 166 is divided by 41.
2
Calculate the remainder when 163 is divided by 35.
23
What is the remainder when 846 is divided by 11?
10
What is the remainder when 57 is divided by 13?
5
What is the remainder when 496 is divided by 106?
72
Calculate the remainder when 293 is divided by 9.
5
What is the remainder when 2768 is divided by 13?
12
Calculate the remainder when 76 is divided by 20.
16
What is the remainder when 1918 is divided by 48?
46
What is the remainder when 94 is divided by 50?
44
What is the remainder when 123 is divided by 11?
2
What is the remainder when 110 is divided by 23?
18
What is the remainder when 953 is divided by 16?
9
What is the remainder when 152 is divided by 80?
72
What is the remainder when 48 is divided by 28?
20
Calculate the remainder when 3912 is divided by 1955.
2
What is the remainder when 1820 is divided by 114?
110
Calculate the remainder when 146 is divided by 21.
20
Calculate the remainder when 49 is divided by 11.
5
What is the remainder when 7065 is divided by 228?
225
Calculate the remainder when 212 is divided by 76.
60
What is the remainder when 8319 is divided by 16?
15
What is the remainder when 263 is divided by 47?
28
What is the remainder when 93 is divided by 19?
17
What is the remainder when 259 is divided by 11?
6
What is the remainder when 629 is divided by 8?
5
Calculate the remainder when 119 is divided by 66.
53
What is the remainder when 111 is divided by 56?
55
Calculate the remainder when 275 is divided by 37.
16
Calculate the remainder when 488 is divided by 12.
8
Calculate the remainder when 4133 is divided by 39.
38
What is the remainder when 498 is divided by 25?
23
What is the remainder when 1331 is divided by 29?
26
Calculate the remainder when 2652 is divided by 65.
52
Calculate the remainder when 1099 is divided by 222.
211
Calculate the remainder when 1957 is divided by 486.
13
What is the remainder when 14 is divided by 11?
3
What is the remainder when 212 is divided by 55?
47
What is the remainder when 360 is divided by 158?
44
Calculate the remainder when 1101 is divided by 29.
28
What is the remainder when 202 is divided by 92?
18
Calculate the remainder when 337 is divided by 38.
33
Calculate the remainder when 696 is divided by 17.
16
Calculate the remainder when 284 is divided by 7.
4
What is the remainder when 85 is divided by 39?
7
Calculate the remainder when 4257 is divided by 178.
163
What is the remainder when 2339 is divided by 78?
77
What is the remainder when 3695 is divided by 56?
55
What is the remainder when 123 is divided by 14?
11
Calculate the remainder when 8549 is divided by 145.
139
Calculate the remainder when 296 is divided by 77.
65
What is the remainder when 11242 is divided by 30?
22
Calculate the remainder when 2917 is divided by 969.
10
What is the remainder when 637 is divided by 32?
29
What is the remainder when 82 is divided by 9?
1
Calculate the remainder when 117 is divided by 29.
1
What is the remainder when 480 is divided by 21?
18
Calculate the remainder when 160 is divided by 44.
28
What is the remainder when 279 is divided by 20?
19
What is the remainder when 939 is divided by 310?
9
Calculate the remainder when 1726 is divided by 162.
106
Calculate the remainder when 4105 is divided by 37.
35
Calculate the remainder when 6817 is divided by 55.
52
Calculate the remainder when 9347 is divided by 10.
7
Calculate the remainder when 198 is divided by 57.
27
Calculate the remainder when 177 is divided by 81.
15
Calculate the remainder when 588 is divided by 118.
116
What is the remainder when 177 is divided by 6?
3
Calculate the remainder when 131 is divided by 20.
11
Calculate the remainder when 238 is divided by 16.
14
What is the remainder when 1208 is divided by 122?
110
What is the remainder when 536 is divided by 36?
32
Calculate the remainder when 800 is divided by 9.
8
What is the remainder when 220 is divided by 27?
4
Calculate the remainder when 69 is divided by 11.
3
Calculate the remainder when 8 is divided by 6.
2
What is the remainder when 85 is divided by 19?
9
Calculate the remainder when 322 is divided by 25.
22
Calculate the remainder when 114 is divided by 61.
53
What is the remainder when 153 is divid